ulate n(a).
-9
Let g(w) = -73654*w**2 + 3*w**3 - 2 - 4*w**3 + 73649*w**2 + 5*w. Let r(f) be the first derivative of -f**2 + 8*f + 1. Let m be r(7). Calculate g(m).
4
Let c(j) = j. Let h be ((-13)/13)/(2 + -2 - 1). Let n(q) = 4*q - 25. Let w(a) = h*n(a) - 2*c(a). Let p be w(9). Let m(i) = i**2 + 7*i - 1. Give m(p).
-1
Let m = -2 + 25. Let v(u) = -2*u + m - 35 + 14. Calculate v(-6).
14
Suppose 9*u - 4*u = -15. Let s(l) be the third derivative of l**5/30 - 2551*l**2 + 2*l. Calculate s(u).
18
Let r(i) = 8*i + 9. Let p(b) = -17*b - 19. Suppose -52 = -0*k + 4*k. Let f be ((495/20)/(-11))/(6/16). Let a(h) = f*p(h) + k*r(h). Determine a(3).
-9
Let s = -515 + 863. Let f = -341 + s. Let t(q) = -q**3 + 9*q**2 - 13*q - 3. Calculate t(f).
4
Let k(x) = -11*x**3 - 4*x**2 + 8*x - 3. Let p(b) = b**2 - 62*b + 63. Let z be p(1). Give k(z).
-91
Let o = -4992 + 5001. Let i(c) be the third derivative of -1/6*c**3 + 1/120*c**6 + 0 + 0*c - 7/60*c**5 - 3/8*c**4 + o*c**2. Calculate i(8).
-9
Let f(y) = 254*y**3 - y + 2. Let w be f(1). Let l = 260 - w. Let k(c) = -7*c - 3. Let v(q) = 15*q + 7. Let t(s) = 13*k(s) + 6*v(s). Calculate t(l).
-2
Let r(g) = -g - 4. Let o(v) = 5*v + 35. Let a(i) = 3*o(i) - 9*r(i). Calculate a(-6).
-3
Let i(r) = -9301 - 9354 - 5*r + 18657. Let o(w) = w**3 - 11*w**2 - 1. Let c be o(11). What is i(c)?
7
Let o(n) be the third derivative of 132*n**2 + 0 + 0*n + 1/24*n**4 + 2*n**3. What is o(-15)?
-3
Let z(y) = y**3 + 13*y**2 + 10*y - 4. Suppose -52 = 2*g + 4*c, 387*c - 390*c - 21 = 0. What is z(g)?
20
Let c(n) = 7*n + 18. Let z(f) = -7*f - 17. Let m(q) = -3*c(q) - 2*z(q). Let u be m(-3). Let t(g) = g**2 + u + 10*g + 5 - 5 - 4*g. Give t(-7).
8
Let q(i) = -i**2 + 23*i + 134. Let l be (-2)/1*11/((-242)/(-55)). Determine q(l).
-6
Let k(s) be the third derivative of s**4/8 + 2*s**3 - 11909*s**2. Let d = -9 + 6. Determine k(d).
3
Let b(p) be the third derivative of -7/24*p**4 - 7/6*p**3 - 5*p**2 + 0*p + 0. Let f(a) = -11*a - 11. Let j(n) = -8*b(n) + 5*f(n). Determine j(-4).
-3
Let n(o) = -143 - 150 + 42*o + 545 - 172. Determine n(-2).
-4
Let m(o) be the third derivative of -63*o**2 + 0 - 1/8*o**4 + 1/3*o**3 + 0*o. Calculate m(-2).
8
Let m(l) = -75*l + 37. Let t(v) = -61*v + 38. Let u(k) = 5*m(k) - 6*t(k). What is u(-5)?
2
Let s(d) = 4*d**3 + 38*d**2 + 46*d - 215. Let u(m) = m**3 + 13*m**2 + 16*m - 71. Let a(j) = 2*s(j) - 7*u(j). Calculate a(16).
3
Let m(i) = -9*i**2 + 154*i + 50. Let p(v) = 8*v**2 - 132*v - 51. Let l(b) = -6*m(b) - 7*p(b). Calculate l(5).
7
Let z(u) be the third derivative of 8*u**2 + 1/30*u**5 + 0*u + 0*u**4 + 0 - 1/3*u**3. Calculate z(-2).
6
Suppose 0*b + 30 = -5*b. Let s = -9 - b. Let i(m) = -11*m**2 - 5*m - 3. Let k(t) = -8*t**2 - 3*t - 3. Let p(q) = -3*i(q) + 4*k(q). What is p(s)?
-3
Let q(d) = -96 + 70*d - d**2 + 69*d - 100*d - 67*d. Calculate q(-24).
0
Let k(y) = -101*y - 4. Suppose -99*u - 325 + 226 = 0. What is k(u)?
97
Let h(x) = x**2 + 2560*x - 12826. Let w be h(5). Let t(i) = -25*i**2 + 5*i + 5. Let q(p) = -12*p**2 + 3*p + 3. Let g(l) = -7*q(l) + 4*t(l). Give g(w).
-16
Let n(z) = -2*z + 8. Suppose 0 = -5*m - 4*f + 9*f + 10, -3*f = -4*m + 9. Suppose m*k - 13 = -1. Suppose 0 = -k*d + 3*d + 7. Calculate n(d).
-6
Let j(y) = -y**2 - 4*y + 15. Let x be ((-85)/(-10) + -7)/(4/(-24)) + 3. Calculate j(x).
3
Let w(x) = 2*x - x**2 - 16*x - x**2 + 3. Let f = -91799 + 91792. What is w(f)?
3
Let y be (3/(-5))/((-3)/(86 - -4)). Suppose -23 = y*i + 13. Let u(p) = -p. Give u(i).
2
Let u(i) = -i - 10. Let j be u(-10). Let o(t) = 11*t - 25. Let k(v) = -4*v - 4 - 3 + 15. Let z(l) = -8*k(l) - 3*o(l). Give z(j).
11
Let k(u) = -5*u. Let t be ((7/3)/(-7))/((-6)/(-18)). Let o(n) = -2*n + 3. Let m(d) = t*k(d) - o(d). Determine m(2).
11
Suppose 0 = 5*g - 2*o - 68, 2*o = 3*o - 1. Suppose -g*j = 4 - 46. Let u(z) = 0*z + 2 + 5*z**2 - 6*z**2 + 4*z. What is u(j)?
5
Let c = 79 + -66. Let o(k) = -7*k**2 - c + 3*k**2 + 14 + k. Determine o(-2).
-17
Let v(x) = -31*x + 68. Suppose -14 = 79*z - 172. Let u be v(z). Let r(a) = -a**2 + 5*a. Let b(g) = -g**2 + 5*g. Let m(l) = 2*b(l) - 3*r(l). Calculate m(u).
6
Let k be (-96)/(-168)*-7*1/(-2). Let c(j) = -3*j**3 - 2*j**2 + 3*j. Calculate c(k).
-26
Let d = 286 + -291. Let q(a) = a**3 + 6*a**2 + 2*a + 4. What is q(d)?
19
Let m(t) be the second derivative of t**4/3 + 4*t**3/3 + t**2 + 4*t + 26. Give m(-2).
2
Let l(g) = g**2 - 5*g - 6. Let n = -72 + 82. Suppose -n*a + 31*a = 147. Determine l(a).
8
Let m be (-24)/3 + 7 - -6. Suppose -m*d - 6 = -6*d + r, -5*d + 24 = r. Let g(h) = -h**3 + 6*h**2 - 6*h + 6. Determine g(d).
1
Suppose 6 = -4*i - 18. Let q(z) be the first derivative of -z**4/4 - 5*z**3/3 + 5*z**2/2 - 5*z - 23721. Determine q(i).
1
Let q(i) = 8*i + 13. Suppose g - 5 = 2*j - 12, 0 = 4*j - 28. Give q(g).
69
Let v(h) = 3*h - 72. Suppose 35*n - 7*n = 672. Let b be v(n). Let f(a) = -a**3 + a. Determine f(b).
0
Let t be 3/(-15) + -6*(-5)/150. Suppose -4*o = -4*y + 4, -2*y = 3*o - t*y + 28. Let g(b) = -b**2 - 6*b - 3. What is g(o)?
-3
Let u = 45 - 40. Let n(f) = -7*f**2 + 18*f - 11. Let q(m) = -m**2 + 2*m - 1. Let g(i) = -n(i) + 6*q(i). What is g(u)?
0
Let h(z) = 4*z**2 - 65*z + 194. Let g(y) = y**2 - 22*y + 65. Let k(c) = 7*g(c) - 2*h(c). What is k(-26)?
15
Let s = -203 + 205. Let m(c) = 7*c**3 - 7*c**s + 12*c**2 - 8*c**3 + 37 - 27. Calculate m(5).
10
Let v(m) be the second derivative of -19*m**3/6 + 357*m**2/2 + 2*m - 9909. Give v(19).
-4
Suppose -8*o = 4*o - 18165 + 18153. Let i(g) = -24*g**2 + 3*g - 2. What is i(o)?
-23
Let q(w) be the first derivative of -1/2*w**2 + w**3 + 1/4*w**4 - w + 33. Give q(-2).
5
Let u(g) = g**3 + 5*g**2 + 5*g - 2. Suppose -3*i = -3*v, -3*v + 3*i = -2*v + 10. Suppose -7*l + 9 + v = 0. Let w be -1 - 1 - (l*-4)/(-4). Calculate u(w).
-6
Let s(t) = -49*t**2 - 891*t + 1. Let j(d) = d**2 + 33*d. Let i(f) = -27*j(f) - s(f). Let g = 1 + 0. Calculate i(g).
21
Let w be 2/8 - 1/((-32)/184). Suppose -w*s = -s - 5*g + 60, -g + 4 = 0. Let m(o) = -o**2 - 4*o + 11. What is m(s)?
-21
Let x(n) = 6*n + 317. Let h be x(-51). Let c(q) = -q**2 - 10 + 45 - h + 2*q**2 + 11*q - 11. What is c(-9)?
-5
Let z(k) be the first derivative of -5*k**2 - 6*k + 2*k**2 + 2*k**2 - 2*k**2 + k**2 + 6. What is z(-4)?
10
Let v = 333 + -335. Let g(c) = 4*c**2 + 2*c. Let i(b) = 7*b**2 + 3*b. Let r(w) = 5*g(w) - 3*i(w). Give r(v).
-6
Let m(f) = -f**3 - 6*f**2 - 3*f - 5. Let u = 5 + 45. Suppose 12*j + u = 2. Calculate m(j).
-25
Suppose 7*t - 3*t - 2*z + 10 = 0, -2*z = 4*t + 22. Suppose -13 = -2*a - 9. Let p(g) = 0 + a*g + 2 + 0. Determine p(t).
-6
Let s(q) = q + 11. Let j(t) = -t - 10. Let y(v) = 4*j(v) + 3*s(v). Suppose 5*k - 2*k - 109 = 4*b, -k = -4*b - 47. Suppose 3*p = -k + 22. Calculate y(p).
-4
Let h(b) = -b**3 - 2*b**2 - b + 2. Let q(d) = -3*d**3 - 4*d**2 - 13*d + 21. Let g(a) = -4*h(a) + q(a). Calculate g(-6).
-5
Let k be (5 - (-33)/(-6))*-178. Let o(t) = 4*t**2 - 88*t + 1 - t**2 + k*t. Let y = -15 + 13. Give o(y).
11
Let t(y) be the first derivative of 10*y**2 + 33*y - 712. Calculate t(-2).
-7
Let g(m) = -4*m + 10. Let u = 5065 + -5065. What is g(u)?
10
Let o(p) = -4*p - 9. Let d be o(-4). Let v(r) be the first derivative of 3*r**2 + 8*r - 16 + d*r**2 - 7*r. Determine v(1).
21
Let t(i) = -61*i + 178. Suppose -2*g + 2 = -9*r + 8*r, -g = -r + 1. Give t(g).
-5
Let w(j) = 4*j - 1. Let p(v) = 2*v - 16. Let a be p(6). Let z be a/(-12) - (-10)/6. Suppose 5*s - 4*y + 3 = 0, z*y + 6 = -4*s - 12. Give w(s).
-13
Let m(v) = 3 - v - 2344*v**2 + 1 + 2357*v**2 - 1. What is m(-2)?
57
Let c = -407 + 412. Let o(a) = 2*a**2 - 11*a + 1. Calculate o(c).
-4
Let w(d) = 24*d**3 + 27*d**2 + 3*d + 8. Let f = 137 + -131. Let u(v) = -13*v**3 - 14*v**2 - v - 4. Let h(g) = f*w(g) + 11*u(g). What is h(-7)?
4
Let j = -250 + 253. Let n(k) = 11*k**3 - 1 + 7*k**3 - 2*k**2 - 32*k**3 + 13*k**j. What is n(-2)?
-1
Suppose -c + 1900 = 9*c. Let s = c - 197. Let m(b) = b**2 + 6*b - 6. What is m(s)?
1
Let k = 5 - 7. Let l = k + 3. Let h(s) = -26*s. Let n(t) = -22*t. Let x(q) = -5*h(q) + 6*n(q). Calculate x(l).
-2
Let x(y) = 266*y**2 - y - 1. Let o be x(-2). Suppose 0*r = r + 4*f - o, 2118 = 2*r + 5*f. Let n(u) = 1049*u**2 + u**3 - r*u**2 + 15 + u. Determine n(0).
15
Let w(r) = 1 - 4 - 2*r + 6*r**2 + 4. Let u(z) = -17*z - 34. Let d be u(-2). Suppose d = 2*p + 2*x, 0*